{"id":9,"date":"2023-07-06T14:59:47","date_gmt":"2023-07-06T12:59:47","guid":{"rendered":"http:\/\/picotbigouden.com\/?page_id=9"},"modified":"2023-09-21T18:39:15","modified_gmt":"2023-09-21T16:39:15","slug":"histoire","status":"publish","type":"page","link":"https:\/\/picotbigouden.com\/index.php\/histoire\/","title":{"rendered":"Histoire"},"content":{"rendered":"\n<div class=\"wp-block-columns is-layout-flex wp-container-core-columns-is-layout-28f84493 wp-block-columns-is-layout-flex\">\n<div class=\"wp-block-column is-layout-flow wp-block-column-is-layout-flow\" style=\"flex-basis:33.33%\"><div class=\"wp-block-image\">\n<figure class=\"aligncenter size-large is-resized\"><a href=\"https:\/\/i0.wp.com\/picotbigouden.com\/wp-content\/uploads\/2023\/09\/mariage-Grande.jpeg\" target=\"_blank\" rel=\"noreferrer noopener\"><img data-recalc-dims=\"1\" loading=\"lazy\" decoding=\"async\" src=\"https:\/\/i0.wp.com\/picotbigouden.com\/wp-content\/uploads\/2023\/09\/mariage-Grande.jpeg?resize=308%2C433\" alt=\"\" class=\"wp-image-411\" style=\"width:308px;height:433px\" width=\"308\" height=\"433\" srcset=\"https:\/\/i0.wp.com\/picotbigouden.com\/wp-content\/uploads\/2023\/09\/mariage-Grande.jpeg?resize=728%2C1024&amp;ssl=1 728w, https:\/\/i0.wp.com\/picotbigouden.com\/wp-content\/uploads\/2023\/09\/mariage-Grande.jpeg?resize=213%2C300&amp;ssl=1 213w, https:\/\/i0.wp.com\/picotbigouden.com\/wp-content\/uploads\/2023\/09\/mariage-Grande.jpeg?resize=768%2C1080&amp;ssl=1 768w, https:\/\/i0.wp.com\/picotbigouden.com\/wp-content\/uploads\/2023\/09\/mariage-Grande.jpeg?resize=300%2C422&amp;ssl=1 300w, https:\/\/i0.wp.com\/picotbigouden.com\/wp-content\/uploads\/2023\/09\/mariage-Grande.jpeg?resize=600%2C844&amp;ssl=1 600w, https:\/\/i0.wp.com\/picotbigouden.com\/wp-content\/uploads\/2023\/09\/mariage-Grande.jpeg?w=910&amp;ssl=1 910w\" sizes=\"auto, (max-width: 308px) 100vw, 308px\" \/><\/a><\/figure>\n<\/div>\n\n\n<p class=\"has-text-align-left has-small-font-size\"><em>Bustier et manches de la robe en Picot Bigouden, avec des macarons, bordures en point langouste &amp; arceaux. L&rsquo;encolure comporte, entre autres, le motif \u00ab\u00a0araign\u00e9e\u00a0\u00bb  (Page 66 du Tome 2)<br>On distingue \u00e9galement, sur la jupe, des motifs appliqu\u00e9s.<\/em><\/p>\n<\/div>\n\n\n\n<div class=\"wp-block-column is-layout-flow wp-block-column-is-layout-flow\" style=\"flex-basis:66.66%\">\n<p>La premi\u00e8re dentelle travaill\u00e9e en Bretagne est le Point d&rsquo;Irlande. Ce point est une adaptation au crochet de la dentelle de Venise \u00e0 l&rsquo;aiguille.<\/p>\n\n\n\n<p>La dentelle permet aux populations maritimes de Cornouaille, frapp\u00e9es depuis 1902 par la crise sardini\u00e8re, de sortir de la mis\u00e8re. De l\u00e0 est n\u00e9 le \u00ab\u00a0<strong>Picot Bigouden<\/strong>\u00ab\u00a0, d\u00e9riv\u00e9 de la guipure d&rsquo;Irlande.<\/p>\n\n\n\n<p>Pendant plusieurs d\u00e9cennies, les bigoud\u00e8nes ont parcouru l&rsquo;hexagone, et m\u00eame au-del\u00e0, afin de vendre les napperons, gilets, gants, produits en pays bigouden. Certaines d&rsquo;entre elles r\u00e9alisaient des motifs particuliers en grande quantit\u00e9 et d&rsquo;autres en assuraient le montage.<\/p>\n\n\n\n<p>L&rsquo;association a \u00e9dit\u00e9 une premi\u00e8re brochure, en 2009, \u00a0\u00bb A la d\u00e9couverte du Picot Bigouden\u00a0\u00bb, afin d&rsquo;assurer le passage de la transmission orale \u00e0 l&rsquo;\u00e9crit.<\/p>\n\n\n\n<p>L&rsquo;association a \u00e9dit\u00e9 en 2013, un livre <a href=\"https:\/\/picotbigouden.com\/index.php\/livre-le-picot-bigouden\/\">\u00ab\u00a0<strong>le picot bigouden, de l&rsquo;oral \u00e0 l&rsquo;\u00e9crit<\/strong>\u00ab\u00a0<\/a>. <\/p>\n\n\n\n<p>Enfin, l&rsquo;Institut Bigouden des Dentelles a cr\u00e9\u00e9 un \u00ab\u00a0kit\u00a0\u00bb, permettant de cr\u00e9er un&nbsp;<strong>rideau en Picot Bigouden<\/strong>. Ce coffret est en vente par correspondance (voir page \u00ab\u00a0kit rideau\u00a0\u00bb), dans les offices du tourisme, en mercerie, et lors des manifestations\/salons o\u00f9 l&rsquo;Institut sera pr\u00e9sent.<\/p>\n<\/div>\n<\/div>\n\n\n\n<div class=\"wp-block-columns is-layout-flex wp-container-core-columns-is-layout-28f84493 wp-block-columns-is-layout-flex\">\n<div class=\"wp-block-column is-layout-flow wp-block-column-is-layout-flow\"><div class=\"wp-block-image\">\n<figure class=\"aligncenter size-large\"><img data-recalc-dims=\"1\" loading=\"lazy\" decoding=\"async\" width=\"717\" height=\"1024\" src=\"https:\/\/i0.wp.com\/picotbigouden.com\/wp-content\/uploads\/2023\/09\/Photo-du-mur-Grande.jpeg?resize=717%2C1024\" alt=\"\" class=\"wp-image-500\" srcset=\"https:\/\/i0.wp.com\/picotbigouden.com\/wp-content\/uploads\/2023\/09\/Photo-du-mur-Grande.jpeg?resize=717%2C1024&amp;ssl=1 717w, https:\/\/i0.wp.com\/picotbigouden.com\/wp-content\/uploads\/2023\/09\/Photo-du-mur-Grande.jpeg?resize=210%2C300&amp;ssl=1 210w, https:\/\/i0.wp.com\/picotbigouden.com\/wp-content\/uploads\/2023\/09\/Photo-du-mur-Grande.jpeg?resize=768%2C1097&amp;ssl=1 768w, https:\/\/i0.wp.com\/picotbigouden.com\/wp-content\/uploads\/2023\/09\/Photo-du-mur-Grande.jpeg?resize=300%2C429&amp;ssl=1 300w, https:\/\/i0.wp.com\/picotbigouden.com\/wp-content\/uploads\/2023\/09\/Photo-du-mur-Grande.jpeg?resize=600%2C857&amp;ssl=1 600w, https:\/\/i0.wp.com\/picotbigouden.com\/wp-content\/uploads\/2023\/09\/Photo-du-mur-Grande.jpeg?w=896&amp;ssl=1 896w\" sizes=\"auto, (max-width: 717px) 100vw, 717px\" \/><\/figure>\n<\/div><\/div>\n<\/div>\n","protected":false},"excerpt":{"rendered":"<p>Bustier et manches de la robe en Picot Bigouden, avec des macarons, bordures en point langouste &amp; arceaux. L&rsquo;encolure comporte, entre autres, le motif \u00ab\u00a0araign\u00e9e\u00a0\u00bb (Page 66 du Tome 2)On distingue \u00e9galement, sur la jupe, des motifs appliqu\u00e9s. La premi\u00e8re dentelle travaill\u00e9e en Bretagne est le Point d&rsquo;Irlande. Ce point est une adaptation au crochet de la dentelle de Venise \u00e0 l&rsquo;aiguille. La dentelle permet aux populations maritimes de Cornouaille, frapp\u00e9es depuis 1902 par la crise sardini\u00e8re, de sortir de la mis\u00e8re. De l\u00e0 est n\u00e9 le \u00ab\u00a0Picot Bigouden\u00ab\u00a0, d\u00e9riv\u00e9 de la guipure d&rsquo;Irlande. Pendant plusieurs d\u00e9cennies, les bigoud\u00e8nes ont parcouru l&rsquo;hexagone, et m\u00eame au-del\u00e0, afin de vendre les napperons, gilets, gants, produits en pays bigouden. Certaines d&rsquo;entre elles r\u00e9alisaient des motifs particuliers en grande quantit\u00e9 et d&rsquo;autres en assuraient le montage. L&rsquo;association a \u00e9dit\u00e9 une premi\u00e8re brochure, en 2009, \u00a0\u00bb A la d\u00e9couverte du Picot Bigouden\u00a0\u00bb, afin d&rsquo;assurer le passage de la transmission orale \u00e0 l&rsquo;\u00e9crit. L&rsquo;association a \u00e9dit\u00e9 en 2013, un livre \u00ab\u00a0le picot bigouden, de l&rsquo;oral \u00e0 l&rsquo;\u00e9crit\u00ab\u00a0. Enfin, l&rsquo;Institut Bigouden des Dentelles a cr\u00e9\u00e9 un \u00ab\u00a0kit\u00a0\u00bb, permettant de cr\u00e9er un&nbsp;rideau en Picot Bigouden. Ce coffret est en vente par correspondance (voir page \u00ab\u00a0kit rideau\u00a0\u00bb), dans les offices du tourisme, en mercerie, et lors des manifestations\/salons o\u00f9 l&rsquo;Institut sera pr\u00e9sent.<\/p>\n","protected":false},"author":1,"featured_media":0,"parent":0,"menu_order":0,"comment_status":"closed","ping_status":"closed","template":"","meta":{"footnotes":""},"folder":[],"class_list":["post-9","page","type-page","status-publish","hentry"],"jetpack_sharing_enabled":true,"_links":{"self":[{"href":"https:\/\/picotbigouden.com\/index.php\/wp-json\/wp\/v2\/pages\/9","targetHints":{"allow":["GET"]}}],"collection":[{"href":"https:\/\/picotbigouden.com\/index.php\/wp-json\/wp\/v2\/pages"}],"about":[{"href":"https:\/\/picotbigouden.com\/index.php\/wp-json\/wp\/v2\/types\/page"}],"author":[{"embeddable":true,"href":"https:\/\/picotbigouden.com\/index.php\/wp-json\/wp\/v2\/users\/1"}],"replies":[{"embeddable":true,"href":"https:\/\/picotbigouden.com\/index.php\/wp-json\/wp\/v2\/comments?post=9"}],"version-history":[{"count":24,"href":"https:\/\/picotbigouden.com\/index.php\/wp-json\/wp\/v2\/pages\/9\/revisions"}],"predecessor-version":[{"id":692,"href":"https:\/\/picotbigouden.com\/index.php\/wp-json\/wp\/v2\/pages\/9\/revisions\/692"}],"wp:attachment":[{"href":"https:\/\/picotbigouden.com\/index.php\/wp-json\/wp\/v2\/media?parent=9"}],"wp:term":[{"taxonomy":"folder","embeddable":true,"href":"https:\/\/picotbigouden.com\/index.php\/wp-json\/wp\/v2\/folder?post=9"}],"curies":[{"name":"wp","href":"https:\/\/api.w.org\/{rel}","templated":true}]}}