{"id":575,"date":"2023-10-06T20:45:18","date_gmt":"2023-10-06T18:45:18","guid":{"rendered":"https:\/\/picotbigouden.com\/?page_id=575"},"modified":"2023-10-23T10:16:25","modified_gmt":"2023-10-23T08:16:25","slug":"lexique","status":"publish","type":"page","link":"https:\/\/picotbigouden.com\/index.php\/lexique\/","title":{"rendered":"Lexique"},"content":{"rendered":"\n<p><strong>ms<\/strong> : maille serr\u00e9e<br><strong>mc <\/strong>: maille coul\u00e9e<br><strong>ml <\/strong>: maille en l&rsquo;air (ou maille cha\u00eenette)<br><strong>me<\/strong> : maille enti\u00e8re<br><strong>ba<\/strong> : brin arri\u00e8re<br><strong>dB<\/strong> : demi-bride<br><strong>Br<\/strong> : bride<br><strong>DB<\/strong> : double bride<br><strong>pb<\/strong> : picot bigouden<br><strong>pp<\/strong> : picot piqu\u00e9<\/p>\n","protected":false},"excerpt":{"rendered":"<p>ms : maille serr\u00e9emc : maille coul\u00e9eml : maille en l&rsquo;air (ou maille cha\u00eenette)me : maille enti\u00e8reba : brin arri\u00e8redB : demi-brideBr : brideDB : double bridepb : picot bigoudenpp : picot piqu\u00e9<\/p>\n","protected":false},"author":1,"featured_media":0,"parent":0,"menu_order":0,"comment_status":"closed","ping_status":"closed","template":"","meta":{"footnotes":""},"folder":[],"class_list":["post-575","page","type-page","status-publish","hentry"],"jetpack_sharing_enabled":true,"_links":{"self":[{"href":"https:\/\/picotbigouden.com\/index.php\/wp-json\/wp\/v2\/pages\/575","targetHints":{"allow":["GET"]}}],"collection":[{"href":"https:\/\/picotbigouden.com\/index.php\/wp-json\/wp\/v2\/pages"}],"about":[{"href":"https:\/\/picotbigouden.com\/index.php\/wp-json\/wp\/v2\/types\/page"}],"author":[{"embeddable":true,"href":"https:\/\/picotbigouden.com\/index.php\/wp-json\/wp\/v2\/users\/1"}],"replies":[{"embeddable":true,"href":"https:\/\/picotbigouden.com\/index.php\/wp-json\/wp\/v2\/comments?post=575"}],"version-history":[{"count":4,"href":"https:\/\/picotbigouden.com\/index.php\/wp-json\/wp\/v2\/pages\/575\/revisions"}],"predecessor-version":[{"id":595,"href":"https:\/\/picotbigouden.com\/index.php\/wp-json\/wp\/v2\/pages\/575\/revisions\/595"}],"wp:attachment":[{"href":"https:\/\/picotbigouden.com\/index.php\/wp-json\/wp\/v2\/media?parent=575"}],"wp:term":[{"taxonomy":"folder","embeddable":true,"href":"https:\/\/picotbigouden.com\/index.php\/wp-json\/wp\/v2\/folder?post=575"}],"curies":[{"name":"wp","href":"https:\/\/api.w.org\/{rel}","templated":true}]}}