{"id":29,"date":"2023-07-06T15:20:47","date_gmt":"2023-07-06T13:20:47","guid":{"rendered":"http:\/\/picotbigouden.com\/?page_id=29"},"modified":"2024-05-21T15:10:54","modified_gmt":"2024-05-21T13:10:54","slug":"nos-realisations","status":"publish","type":"page","link":"https:\/\/picotbigouden.com\/index.php\/nos-realisations\/","title":{"rendered":"Nos r\u00e9alisations"},"content":{"rendered":"\n<p><\/p>\n\n\n\n<div class=\"wp-block-columns is-layout-flex wp-container-core-columns-is-layout-28f84493 wp-block-columns-is-layout-flex\">\n<div class=\"wp-block-column is-layout-flow wp-block-column-is-layout-flow\" style=\"flex-basis:33.33%\"><div class=\"wp-block-image\">\n<figure class=\"aligncenter size-large is-resized\"><img data-recalc-dims=\"1\" loading=\"lazy\" decoding=\"async\" width=\"683\" height=\"1024\" src=\"https:\/\/i0.wp.com\/picotbigouden.com\/wp-content\/uploads\/2024\/01\/117-1-683x1024.jpg?resize=683%2C1024&#038;ssl=1\" alt=\"\" class=\"wp-image-669\" style=\"aspect-ratio:1;object-fit:cover;width:356px;height:auto\" srcset=\"https:\/\/i0.wp.com\/picotbigouden.com\/wp-content\/uploads\/2024\/01\/117-1.jpg?resize=683%2C1024&amp;ssl=1 683w, https:\/\/i0.wp.com\/picotbigouden.com\/wp-content\/uploads\/2024\/01\/117-1.jpg?resize=200%2C300&amp;ssl=1 200w, https:\/\/i0.wp.com\/picotbigouden.com\/wp-content\/uploads\/2024\/01\/117-1.jpg?resize=768%2C1151&amp;ssl=1 768w, https:\/\/i0.wp.com\/picotbigouden.com\/wp-content\/uploads\/2024\/01\/117-1.jpg?resize=1025%2C1536&amp;ssl=1 1025w, https:\/\/i0.wp.com\/picotbigouden.com\/wp-content\/uploads\/2024\/01\/117-1.jpg?resize=1366%2C2048&amp;ssl=1 1366w, https:\/\/i0.wp.com\/picotbigouden.com\/wp-content\/uploads\/2024\/01\/117-1.jpg?resize=1140%2C1709&amp;ssl=1 1140w, https:\/\/i0.wp.com\/picotbigouden.com\/wp-content\/uploads\/2024\/01\/117-1.jpg?resize=300%2C450&amp;ssl=1 300w, https:\/\/i0.wp.com\/picotbigouden.com\/wp-content\/uploads\/2024\/01\/117-1.jpg?resize=600%2C899&amp;ssl=1 600w, https:\/\/i0.wp.com\/picotbigouden.com\/wp-content\/uploads\/2024\/01\/117-1.jpg?w=1383&amp;ssl=1 1383w\" sizes=\"auto, (max-width: 683px) 100vw, 683px\" \/><\/figure>\n<\/div><\/div>\n\n\n\n<div class=\"wp-block-column is-layout-flow wp-block-column-is-layout-flow\" style=\"flex-basis:66.66%\">\n<h1 class=\"wp-block-heading\">Boule de No\u00ebl<\/h1>\n\n\n\n<figure class=\"wp-block-image size-large is-resized\"><img data-recalc-dims=\"1\" loading=\"lazy\" decoding=\"async\" width=\"768\" height=\"1024\" src=\"https:\/\/i0.wp.com\/picotbigouden.com\/wp-content\/uploads\/2024\/01\/113-768x1024.jpg?resize=768%2C1024&#038;ssl=1\" alt=\"\" class=\"wp-image-666\" style=\"width:207px;height:auto\" srcset=\"https:\/\/i0.wp.com\/picotbigouden.com\/wp-content\/uploads\/2024\/01\/113.jpg?resize=768%2C1024&amp;ssl=1 768w, https:\/\/i0.wp.com\/picotbigouden.com\/wp-content\/uploads\/2024\/01\/113.jpg?resize=225%2C300&amp;ssl=1 225w, https:\/\/i0.wp.com\/picotbigouden.com\/wp-content\/uploads\/2024\/01\/113.jpg?resize=300%2C400&amp;ssl=1 300w, https:\/\/i0.wp.com\/picotbigouden.com\/wp-content\/uploads\/2024\/01\/113.jpg?resize=600%2C800&amp;ssl=1 600w, https:\/\/i0.wp.com\/picotbigouden.com\/wp-content\/uploads\/2024\/01\/113.jpg?w=883&amp;ssl=1 883w\" sizes=\"auto, (max-width: 768px) 100vw, 768px\" \/><\/figure>\n<\/div>\n<\/div>\n\n\n\n<div class=\"wp-block-columns is-layout-flex wp-container-core-columns-is-layout-28f84493 wp-block-columns-is-layout-flex\">\n<div class=\"wp-block-column is-layout-flow wp-block-column-is-layout-flow\">\n<figure class=\"wp-block-image size-large\"><img data-recalc-dims=\"1\" loading=\"lazy\" decoding=\"async\" width=\"960\" height=\"720\" src=\"https:\/\/i0.wp.com\/picotbigouden.com\/wp-content\/uploads\/2024\/01\/108-1024x768.jpg?resize=960%2C720&#038;ssl=1\" alt=\"\" class=\"wp-image-668\" srcset=\"https:\/\/i0.wp.com\/picotbigouden.com\/wp-content\/uploads\/2024\/01\/108.jpg?resize=1024%2C768&amp;ssl=1 1024w, https:\/\/i0.wp.com\/picotbigouden.com\/wp-content\/uploads\/2024\/01\/108.jpg?resize=300%2C225&amp;ssl=1 300w, https:\/\/i0.wp.com\/picotbigouden.com\/wp-content\/uploads\/2024\/01\/108.jpg?resize=768%2C576&amp;ssl=1 768w, https:\/\/i0.wp.com\/picotbigouden.com\/wp-content\/uploads\/2024\/01\/108.jpg?resize=1140%2C855&amp;ssl=1 1140w, https:\/\/i0.wp.com\/picotbigouden.com\/wp-content\/uploads\/2024\/01\/108.jpg?resize=600%2C450&amp;ssl=1 600w, https:\/\/i0.wp.com\/picotbigouden.com\/wp-content\/uploads\/2024\/01\/108.jpg?w=1352&amp;ssl=1 1352w\" sizes=\"auto, (max-width: 960px) 100vw, 960px\" \/><\/figure>\n<\/div>\n\n\n\n<div class=\"wp-block-column is-layout-flow wp-block-column-is-layout-flow\">\n<figure class=\"wp-block-image size-large is-resized\"><img data-recalc-dims=\"1\" loading=\"lazy\" decoding=\"async\" width=\"960\" height=\"720\" src=\"https:\/\/i0.wp.com\/picotbigouden.com\/wp-content\/uploads\/2024\/01\/110-1024x768.jpg?resize=960%2C720&#038;ssl=1\" alt=\"\" class=\"wp-image-667\" style=\"width:415px;height:auto\" srcset=\"https:\/\/i0.wp.com\/picotbigouden.com\/wp-content\/uploads\/2024\/01\/110.jpg?resize=1024%2C768&amp;ssl=1 1024w, https:\/\/i0.wp.com\/picotbigouden.com\/wp-content\/uploads\/2024\/01\/110.jpg?resize=300%2C225&amp;ssl=1 300w, https:\/\/i0.wp.com\/picotbigouden.com\/wp-content\/uploads\/2024\/01\/110.jpg?resize=768%2C576&amp;ssl=1 768w, https:\/\/i0.wp.com\/picotbigouden.com\/wp-content\/uploads\/2024\/01\/110.jpg?resize=600%2C450&amp;ssl=1 600w, https:\/\/i0.wp.com\/picotbigouden.com\/wp-content\/uploads\/2024\/01\/110.jpg?w=1124&amp;ssl=1 1124w\" sizes=\"auto, (max-width: 960px) 100vw, 960px\" \/><\/figure>\n<\/div>\n<\/div>\n\n\n\n<div class=\"wp-block-columns are-vertically-aligned-center is-layout-flex wp-container-core-columns-is-layout-28f84493 wp-block-columns-is-layout-flex\">\n<div class=\"wp-block-column is-vertically-aligned-center is-layout-flow wp-block-column-is-layout-flow\" style=\"flex-basis:44.45%\"><\/div>\n<\/div>\n\n\n\n<hr class=\"wp-block-separator has-alpha-channel-opacity\"\/>\n\n\n\n<div class=\"wp-block-columns is-layout-flex wp-container-core-columns-is-layout-28f84493 wp-block-columns-is-layout-flex\">\n<div class=\"wp-block-column is-layout-flow wp-block-column-is-layout-flow\">\n<h1 class=\"wp-block-heading has-text-align-center\">Bolero<\/h1>\n\n\n\n<div class=\"wp-block-columns is-layout-flex wp-container-core-columns-is-layout-28f84493 wp-block-columns-is-layout-flex\">\n<div class=\"wp-block-column is-layout-flow wp-block-column-is-layout-flow\" style=\"flex-basis:33.33%\">\n<p class=\"has-medium-font-size\">Compos\u00e9 de roses et de rouets<\/p>\n<\/div>\n\n\n\n<div class=\"wp-block-column is-layout-flow wp-block-column-is-layout-flow\" style=\"flex-basis:66.66%\"><div class=\"wp-block-image\">\n<figure class=\"aligncenter size-large is-resized\"><img data-recalc-dims=\"1\" loading=\"lazy\" decoding=\"async\" width=\"768\" height=\"1024\" src=\"https:\/\/i0.wp.com\/picotbigouden.com\/wp-content\/uploads\/2023\/09\/P30Caraco-Grande.jpeg?resize=768%2C1024\" alt=\"\" class=\"wp-image-420\" style=\"width:284px;height:378px\" srcset=\"https:\/\/i0.wp.com\/picotbigouden.com\/wp-content\/uploads\/2023\/09\/P30Caraco-Grande.jpeg?resize=768%2C1024&amp;ssl=1 768w, https:\/\/i0.wp.com\/picotbigouden.com\/wp-content\/uploads\/2023\/09\/P30Caraco-Grande.jpeg?resize=225%2C300&amp;ssl=1 225w, https:\/\/i0.wp.com\/picotbigouden.com\/wp-content\/uploads\/2023\/09\/P30Caraco-Grande.jpeg?resize=300%2C400&amp;ssl=1 300w, https:\/\/i0.wp.com\/picotbigouden.com\/wp-content\/uploads\/2023\/09\/P30Caraco-Grande.jpeg?resize=600%2C800&amp;ssl=1 600w, https:\/\/i0.wp.com\/picotbigouden.com\/wp-content\/uploads\/2023\/09\/P30Caraco-Grande.jpeg?w=960&amp;ssl=1 960w\" sizes=\"auto, (max-width: 768px) 100vw, 768px\" \/><\/figure>\n<\/div><\/div>\n<\/div>\n<\/div>\n<\/div>\n\n\n\n<hr class=\"wp-block-separator has-alpha-channel-opacity\"\/>\n\n\n\n<h1 class=\"wp-block-heading has-text-align-center\">Robe<\/h1>\n\n\n\n<div class=\"wp-block-columns is-layout-flex wp-container-core-columns-is-layout-28f84493 wp-block-columns-is-layout-flex\">\n<div class=\"wp-block-column is-layout-flow wp-block-column-is-layout-flow\" style=\"flex-basis:33.33%\">\n<figure class=\"wp-block-image size-large\"><img data-recalc-dims=\"1\" loading=\"lazy\" decoding=\"async\" width=\"768\" height=\"1024\" src=\"https:\/\/i0.wp.com\/picotbigouden.com\/wp-content\/uploads\/2023\/10\/DSCN0877-1.jpg?resize=768%2C1024\" alt=\"\" class=\"wp-image-558\" srcset=\"https:\/\/i0.wp.com\/picotbigouden.com\/wp-content\/uploads\/2023\/10\/DSCN0877-1-scaled.jpg?resize=768%2C1024&amp;ssl=1 768w, https:\/\/i0.wp.com\/picotbigouden.com\/wp-content\/uploads\/2023\/10\/DSCN0877-1-scaled.jpg?resize=225%2C300&amp;ssl=1 225w, https:\/\/i0.wp.com\/picotbigouden.com\/wp-content\/uploads\/2023\/10\/DSCN0877-1-scaled.jpg?resize=1152%2C1536&amp;ssl=1 1152w, https:\/\/i0.wp.com\/picotbigouden.com\/wp-content\/uploads\/2023\/10\/DSCN0877-1-scaled.jpg?resize=1536%2C2048&amp;ssl=1 1536w, https:\/\/i0.wp.com\/picotbigouden.com\/wp-content\/uploads\/2023\/10\/DSCN0877-1-scaled.jpg?resize=1140%2C1520&amp;ssl=1 1140w, https:\/\/i0.wp.com\/picotbigouden.com\/wp-content\/uploads\/2023\/10\/DSCN0877-1-scaled.jpg?resize=300%2C400&amp;ssl=1 300w, https:\/\/i0.wp.com\/picotbigouden.com\/wp-content\/uploads\/2023\/10\/DSCN0877-1-scaled.jpg?resize=600%2C800&amp;ssl=1 600w, https:\/\/i0.wp.com\/picotbigouden.com\/wp-content\/uploads\/2023\/10\/DSCN0877-1-scaled.jpg?w=1920&amp;ssl=1 1920w\" sizes=\"auto, (max-width: 768px) 100vw, 768px\" \/><\/figure>\n<\/div>\n\n\n\n<div class=\"wp-block-column is-layout-flow wp-block-column-is-layout-flow\" style=\"flex-basis:66.66%\">\n<p class=\"has-medium-font-size\">Enti\u00e8rement r\u00e9alis\u00e9e avec le motif <em>rose<\/em> (page 14, motif n\u00b0 12, <a href=\"https:\/\/picotbigouden.com\/index.php\/livre-le-picot-bigouden\/\">tome 1<\/a>), et un <em>passe-ruban <\/em>en taille haute (page 46, <a href=\"https:\/\/picotbigouden.com\/index.php\/livre-le-picot-bigouden\/\" data-type=\"link\" data-id=\"https:\/\/picotbigouden.com\/index.php\/livre-le-picot-bigouden\/\">tome 1<\/a>).La robe comporte une doublure ton sur ton.<\/p>\n\n\n<div class=\"wp-block-image\">\n<figure class=\"aligncenter size-full is-resized\"><img data-recalc-dims=\"1\" loading=\"lazy\" decoding=\"async\" width=\"768\" height=\"1024\" src=\"https:\/\/i0.wp.com\/picotbigouden.com\/wp-content\/uploads\/2023\/10\/RSCN0878-edited.jpg?resize=768%2C1024&#038;ssl=1\" alt=\"\" class=\"wp-image-597\" style=\"aspect-ratio:1.3333333333333333;width:295px;height:auto\" srcset=\"https:\/\/i0.wp.com\/picotbigouden.com\/wp-content\/uploads\/2023\/10\/RSCN0878-edited.jpg?w=768&amp;ssl=1 768w, https:\/\/i0.wp.com\/picotbigouden.com\/wp-content\/uploads\/2023\/10\/RSCN0878-edited.jpg?resize=225%2C300&amp;ssl=1 225w, https:\/\/i0.wp.com\/picotbigouden.com\/wp-content\/uploads\/2023\/10\/RSCN0878-edited.jpg?resize=300%2C400&amp;ssl=1 300w, https:\/\/i0.wp.com\/picotbigouden.com\/wp-content\/uploads\/2023\/10\/RSCN0878-edited.jpg?resize=600%2C800&amp;ssl=1 600w\" sizes=\"auto, (max-width: 768px) 100vw, 768px\" \/><\/figure>\n<\/div><\/div>\n<\/div>\n","protected":false},"excerpt":{"rendered":"<p>Boule de No\u00ebl Bolero Compos\u00e9 de roses et de rouets Robe Enti\u00e8rement r\u00e9alis\u00e9e avec le motif rose (page 14, motif n\u00b0 12, tome 1), et un passe-ruban en taille haute (page 46, tome 1).La robe comporte une doublure ton sur ton.<\/p>\n","protected":false},"author":1,"featured_media":0,"parent":0,"menu_order":0,"comment_status":"closed","ping_status":"closed","template":"","meta":{"footnotes":""},"folder":[],"class_list":["post-29","page","type-page","status-publish","hentry"],"jetpack_sharing_enabled":true,"_links":{"self":[{"href":"https:\/\/picotbigouden.com\/index.php\/wp-json\/wp\/v2\/pages\/29","targetHints":{"allow":["GET"]}}],"collection":[{"href":"https:\/\/picotbigouden.com\/index.php\/wp-json\/wp\/v2\/pages"}],"about":[{"href":"https:\/\/picotbigouden.com\/index.php\/wp-json\/wp\/v2\/types\/page"}],"author":[{"embeddable":true,"href":"https:\/\/picotbigouden.com\/index.php\/wp-json\/wp\/v2\/users\/1"}],"replies":[{"embeddable":true,"href":"https:\/\/picotbigouden.com\/index.php\/wp-json\/wp\/v2\/comments?post=29"}],"version-history":[{"count":24,"href":"https:\/\/picotbigouden.com\/index.php\/wp-json\/wp\/v2\/pages\/29\/revisions"}],"predecessor-version":[{"id":724,"href":"https:\/\/picotbigouden.com\/index.php\/wp-json\/wp\/v2\/pages\/29\/revisions\/724"}],"wp:attachment":[{"href":"https:\/\/picotbigouden.com\/index.php\/wp-json\/wp\/v2\/media?parent=29"}],"wp:term":[{"taxonomy":"folder","embeddable":true,"href":"https:\/\/picotbigouden.com\/index.php\/wp-json\/wp\/v2\/folder?post=29"}],"curies":[{"name":"wp","href":"https:\/\/api.w.org\/{rel}","templated":true}]}}